{"id":49,"date":"2025-10-04T14:25:57","date_gmt":"2025-10-04T12:25:57","guid":{"rendered":"https:\/\/www.groloto.fr\/?page_id=49"},"modified":"2025-10-29T17:35:13","modified_gmt":"2025-10-29T15:35:13","slug":"nos-partenaires","status":"publish","type":"page","link":"https:\/\/www.groloto.fr\/index.php\/nos-partenaires\/","title":{"rendered":"Nos partenaires"},"content":{"rendered":"\n<p class=\"has-vivid-cyan-blue-color has-text-color has-link-color wp-elements-69eecb317eccbaff8f04ce6fc5a16754\"><strong>GROSOUTIEN&nbsp;<\/strong><\/p>\n\n\n\n<p class=\"has-vivid-cyan-blue-color has-text-color has-link-color wp-elements-0a4b8003cc6582318f599c98a4dc470c\"><img loading=\"lazy\" decoding=\"async\" alt=\"\u2764\" src=\"blob:https:\/\/www.groloto.fr\/62dc003f-24b4-4e7f-949c-589e24de47af\" width=\"16\" height=\"16\"> En 2024, vous \u00e9tiez plus 70 partenaires et m\u00e9c\u00e8nes ! <img loading=\"lazy\" decoding=\"async\" alt=\"\u2764\" src=\"blob:https:\/\/www.groloto.fr\/538caeb6-ab95-4cef-9ff2-4a20f4d9c6cc\" width=\"16\" height=\"16\"><\/p>\n\n\n\n<p class=\"has-vivid-cyan-blue-color has-text-color has-link-color wp-elements-fa3471cab0f93617e6fb2ce38427dfdf\">Cette ann\u00e9e encore, nous avons plus que besoin de vous pour continuer \u00e0 faire vivre cet \u00e9v\u00e8nement engag\u00e9 en faveur de la<a href=\"https:\/\/www.facebook.com\/liguecancer86\"> Ligue Contre le Cancer &#8211; Comit\u00e9 de la Vienne<\/a> <img loading=\"lazy\" decoding=\"async\" alt=\"\ud83d\ude42\" src=\"blob:https:\/\/www.groloto.fr\/851a9e56-c22c-446c-a10f-69ba408017ca\" width=\"16\" height=\"16\"><\/p>\n\n\n\n<p>Que vous soyez<strong> particulier ou professionnel<\/strong>, vous pouvez soutenir l\u2019action et l\u2019organisation du GROWEEKEND, en vous joignant au nombre des m\u00e9c\u00e8nes de l\u2019\u00e9v\u00e8nement !<\/p>\n\n\n\n<p class=\"has-vivid-cyan-blue-color has-text-color has-link-color wp-elements-ad42c7afcba71cda89379480f8aae0f8\"><strong>VOUS \u00caTES UNE ENTREPRISE ?<\/strong><\/p>\n\n\n\n<p><strong>Un don en nature<\/strong> (nourriture, d\u00e9coration, lots pour le Groloto, etc.), ou <strong>en num\u00e9raire<\/strong> (50\u20ac, 100\u20ac, 1000\u20ac&#8230;), <strong>vous donne droit \u00e0 60% du montant du don en d\u00e9duction d\u2019imp\u00f4ts.<\/strong><\/p>\n\n\n\n<p><em>Exemple : votre don en num\u00e9raire de <\/em><strong><em>1000\u20ac <\/em><\/strong><em>vous <\/em><strong><em>revient \u00e0 400\u20ac apr\u00e8s d\u00e9duction fiscale<\/em><\/strong><\/p>\n\n\n\n<p><em>Exemple : Votre don en nature de 10 \ud835\ude31\ud835\ude2a\ud835\ude3b\ud835\ude3b\ud835\ude22\ud835\ude34 (\u00e0 10\u20ac, soit un don total <\/em><strong><em>de 100\u20ac)<\/em><\/strong><em>, vous donne droit \u00e0 une d\u00e9duction fiscale de 60\u20ac. <\/em><strong><em>Votre don vous revient \u00e0 40\u20ac !<\/em><\/strong><\/p>\n\n\n\n<p class=\"has-vivid-cyan-blue-color has-text-color has-link-color wp-elements-bf6f0ae3c15d518a414bd67924abf859\"><strong>VOUS \u00caTES UN PARTICULIER ?<\/strong><\/p>\n\n\n\n<p><strong>Un don en num\u00e9raire<\/strong> pour cet \u00e9v\u00e9nement vous donne droit \u00e0 <strong>66% de ce montant en<\/strong><strong><br><\/strong><strong>d\u00e9duction d\u2019imp\u00f4ts.<\/strong><\/p>\n\n\n\n<p><em>Exemples : <\/em><strong><em>apr\u00e8s d\u00e9ductions fiscales<\/em><\/strong><em> un don de :<\/em><\/p>\n\n\n\n<ul class=\"wp-block-list\">\n<li><em>10\u20ac vous revient \u00e0 3,40 \u20ac,<\/em><\/li>\n\n\n\n<li><em>20\u20ac vous revient \u00e0 6,80 \u20ac<\/em><\/li>\n\n\n\n<li><em>50\u20ac vous revient \u00e0 17 \u20ac<\/em><\/li>\n<\/ul>\n\n\n\n<p class=\"has-vivid-cyan-blue-color has-text-color has-link-color wp-elements-5c6393a1b0f05b256e6a91a2bd550c16\"><strong>SOUTENEZ LA LIGUE CONTRE LE CANCER&nbsp;<\/strong><\/p>\n\n\n\n<p class=\"has-vivid-cyan-blue-color has-text-color has-link-color wp-elements-113f0c7667e882191acf13b3c450986c\">Vous pouvez \u00e9galement soutenir \u00e0 tout moment, ponctuellement ou mensuellement les actions de la Ligue contre le cancer en faisant directement un don via<a href=\"https:\/\/www.ligue-cancer.net\/86-vienne\"> <strong>www.ligue-cancer.net<\/strong><\/a><\/p>\n\n\n\n<p><strong>Cette ann\u00e9e encore de nombreux partenaires, acteurs et actrices du territoire sont engag\u00e9s sur le projet et nous les remercions tous et toutes chaleureusement :<\/strong><\/p>\n\n\n\n<p><img loading=\"lazy\" decoding=\"async\" height=\"16\" width=\"16\" src=\"https:\/\/static.xx.fbcdn.net\/images\/emoji.php\/v9\/t9c\/2\/16\/1f9e1.png\" alt=\"\ud83e\udde1\"> <a href=\"https:\/\/www.facebook.com\/poitiersofficiel\">Ville De Poitiers <\/a><img loading=\"lazy\" decoding=\"async\" height=\"16\" width=\"16\" src=\"https:\/\/static.xx.fbcdn.net\/images\/emoji.php\/v9\/tb\/2\/16\/1f499.png\" alt=\"\ud83d\udc99\"> <a href=\"https:\/\/www.facebook.com\/profile.php?id=100063639638554&amp;__cft__[0]=AZVNt25BUnjJYQcelM9h_EOt13gbREtW14VeupfQVQNA75Yoo6eDjcUX7DYStPIMz7uAHGvbBYJ4tw6NIE8geaatpvyhRw5gWZOlLhX9fI0vLVQRFDsZg5slTkrayWtHDag8gYXCS48tQVVaP6gu-hBmfOwhemPSzHcDJVFVBzeNZzZ_oqwCu3ueePGNx2nfnXA\">Studio ludo<\/a> <img loading=\"lazy\" decoding=\"async\" height=\"16\" width=\"16\" src=\"https:\/\/static.xx.fbcdn.net\/images\/emoji.php\/v9\/t9c\/2\/16\/1f9e1.png\" alt=\"\ud83e\udde1\"> <a href=\"https:\/\/www.facebook.com\/aguavitalis\">Vitalis <\/a><img loading=\"lazy\" decoding=\"async\" height=\"16\" width=\"16\" src=\"https:\/\/static.xx.fbcdn.net\/images\/emoji.php\/v9\/tb\/2\/16\/1f499.png\" alt=\"\ud83d\udc99\"> <a href=\"https:\/\/www.facebook.com\/leconfortmoderne\">Le Confort Moderne <\/a><img loading=\"lazy\" decoding=\"async\" height=\"16\" width=\"16\" src=\"https:\/\/static.xx.fbcdn.net\/images\/emoji.php\/v9\/t9c\/2\/16\/1f9e1.png\" alt=\"\ud83e\udde1\"> <a href=\"https:\/\/www.facebook.com\/nagelibre.poitiers\">Nage Libre <\/a><img loading=\"lazy\" decoding=\"async\" height=\"16\" width=\"16\" src=\"https:\/\/static.xx.fbcdn.net\/images\/emoji.php\/v9\/tb\/2\/16\/1f499.png\" alt=\"\ud83d\udc99\"><a href=\"https:\/\/www.facebook.com\/cinemaledietrich\">Cin\u00e9ma Le Dietrich <\/a><img loading=\"lazy\" decoding=\"async\" height=\"16\" width=\"16\" src=\"https:\/\/static.xx.fbcdn.net\/images\/emoji.php\/v9\/t9c\/2\/16\/1f9e1.png\" alt=\"\ud83e\udde1\"> <a href=\"https:\/\/www.facebook.com\/transat\">Transat Record Shop <\/a><img loading=\"lazy\" decoding=\"async\" height=\"16\" width=\"16\" src=\"https:\/\/static.xx.fbcdn.net\/images\/emoji.php\/v9\/tb\/2\/16\/1f499.png\" alt=\"\ud83d\udc99\"><a href=\"https:\/\/www.facebook.com\/profile.php?id=100063639638554&amp;__cft__[0]=AZVNt25BUnjJYQcelM9h_EOt13gbREtW14VeupfQVQNA75Yoo6eDjcUX7DYStPIMz7uAHGvbBYJ4tw6NIE8geaatpvyhRw5gWZOlLhX9fI0vLVQRFDsZg5slTkrayWtHDag8gYXCS48tQVVaP6gu-hBmfOwhemPSzHcDJVFVBzeNZzZ_oqwCu3ueePGNx2nfnXA\"> Studio ludo <\/a><img loading=\"lazy\" decoding=\"async\" height=\"16\" width=\"16\" src=\"https:\/\/static.xx.fbcdn.net\/images\/emoji.php\/v9\/t9c\/2\/16\/1f9e1.png\" alt=\"\ud83e\udde1\"> <a href=\"https:\/\/cb-ceramique.fr\/\">Charlotte Barjou C\u00e9ramique<\/a> <img loading=\"lazy\" decoding=\"async\" height=\"16\" width=\"16\" src=\"https:\/\/static.xx.fbcdn.net\/images\/emoji.php\/v9\/tb\/2\/16\/1f499.png\" alt=\"\ud83d\udc99\"><a href=\"https:\/\/www.facebook.com\/atelierAliciadelCoco\">Alicia DelCoco Atelier <\/a><img loading=\"lazy\" decoding=\"async\" height=\"16\" width=\"16\" src=\"https:\/\/static.xx.fbcdn.net\/images\/emoji.php\/v9\/t9c\/2\/16\/1f9e1.png\" alt=\"\ud83e\udde1\"> <a href=\"https:\/\/www.facebook.com\/profile.php?id=100063571301287&amp;__cft__[0]=AZVNt25BUnjJYQcelM9h_EOt13gbREtW14VeupfQVQNA75Yoo6eDjcUX7DYStPIMz7uAHGvbBYJ4tw6NIE8geaatpvyhRw5gWZOlLhX9fI0vLVQRFDsZg5slTkrayWtHDag8gYXCS48tQVVaP6gu-hBmfOwhemPSzHcDJVFVBzeNZzZ_oqwCu3ueePGNx2nfnXA\">Ludovic Doussineau Tapissier Contemporain<\/a> <a href=\"https:\/\/www.facebook.com\/stephanhamachetapissier\">\ud83d\udc99 St\u00e9phan Hamache<\/a><a href=\"https:\/\/www.facebook.com\/pluslegerquelair\">\ud83e\udde1<\/a> <a href=\"https:\/\/www.facebook.com\/pluslegerquelair\">Plus L\u00e9ger que l&rsquo;Air <\/a><img loading=\"lazy\" decoding=\"async\" height=\"16\" width=\"16\" src=\"https:\/\/static.xx.fbcdn.net\/images\/emoji.php\/v9\/t9c\/2\/16\/1f9e1.png\" alt=\"\ud83e\udde1\"> <a href=\"https:\/\/www.facebook.com\/clotildetoulier\">Clotilde Toulier &#8211; designeuse lumi\u00e8re<\/a><img loading=\"lazy\" decoding=\"async\" height=\"16\" width=\"16\" src=\"https:\/\/static.xx.fbcdn.net\/images\/emoji.php\/v9\/tb\/2\/16\/1f499.png\" alt=\"\ud83d\udc99\"><a href=\"https:\/\/www.facebook.com\/clairemariemassages\">Claire-Marie Alexandre \u2022 Massages bien-\u00eatre<\/a> <img loading=\"lazy\" decoding=\"async\" height=\"16\" width=\"16\" src=\"https:\/\/static.xx.fbcdn.net\/images\/emoji.php\/v9\/t9c\/2\/16\/1f9e1.png\" alt=\"\ud83e\udde1\"> <a href=\"https:\/\/www.facebook.com\/profile.php?id=61564945994075&amp;__cft__[0]=AZVNt25BUnjJYQcelM9h_EOt13gbREtW14VeupfQVQNA75Yoo6eDjcUX7DYStPIMz7uAHGvbBYJ4tw6NIE8geaatpvyhRw5gWZOlLhX9fI0vLVQRFDsZg5slTkrayWtHDag8gYXCS48tQVVaP6gu-hBmfOwhemPSzHcDJVFVBzeNZzZ_oqwCu3ueePGNx2nfnXA\">Emmanuelle Perrin Pro<\/a><img loading=\"lazy\" decoding=\"async\" height=\"16\" width=\"16\" src=\"https:\/\/static.xx.fbcdn.net\/images\/emoji.php\/v9\/tb\/2\/16\/1f499.png\" alt=\"\ud83d\udc99\"> <a href=\"https:\/\/www.facebook.com\/aslthaimassage\">ASL Tha\u00ef Massage<\/a> <img loading=\"lazy\" decoding=\"async\" height=\"16\" width=\"16\" src=\"https:\/\/static.xx.fbcdn.net\/images\/emoji.php\/v9\/t9c\/2\/16\/1f9e1.png\" alt=\"\ud83e\udde1\"> <a href=\"https:\/\/www.facebook.com\/mediapart\">Mediapart<\/a> <img loading=\"lazy\" decoding=\"async\" height=\"16\" width=\"16\" src=\"https:\/\/static.xx.fbcdn.net\/images\/emoji.php\/v9\/tb\/2\/16\/1f499.png\" alt=\"\ud83d\udc99\"> <a href=\"https:\/\/www.facebook.com\/TAPtheatreauditoriumpoitiers\">TAP &#8211; Sc\u00e8ne nationale de Grand Poitiers<\/a> <img loading=\"lazy\" decoding=\"async\" height=\"16\" width=\"16\" src=\"https:\/\/static.xx.fbcdn.net\/images\/emoji.php\/v9\/tb\/2\/16\/1f499.png\" alt=\"\ud83d\udc99\"> <a href=\"https:\/\/www.facebook.com\/KiblindAtelierLyon\">Kiblind Atelier<\/a> <img loading=\"lazy\" decoding=\"async\" height=\"16\" width=\"16\" src=\"https:\/\/static.xx.fbcdn.net\/images\/emoji.php\/v9\/t9c\/2\/16\/1f9e1.png\" alt=\"\ud83e\udde1\"> <a href=\"https:\/\/www.facebook.com\/profile.php?id=100063685741691&amp;__cft__[0]=AZVNt25BUnjJYQcelM9h_EOt13gbREtW14VeupfQVQNA75Yoo6eDjcUX7DYStPIMz7uAHGvbBYJ4tw6NIE8geaatpvyhRw5gWZOlLhX9fI0vLVQRFDsZg5slTkrayWtHDag8gYXCS48tQVVaP6gu-hBmfOwhemPSzHcDJVFVBzeNZzZ_oqwCu3ueePGNx2nfnXA\">Prisme Eclairage<\/a><img loading=\"lazy\" decoding=\"async\" height=\"16\" width=\"16\" src=\"https:\/\/static.xx.fbcdn.net\/images\/emoji.php\/v9\/tb\/2\/16\/1f499.png\" alt=\"\ud83d\udc99\"> @Avril comestique Poitiers <img loading=\"lazy\" decoding=\"async\" height=\"16\" width=\"16\" src=\"https:\/\/static.xx.fbcdn.net\/images\/emoji.php\/v9\/t9c\/2\/16\/1f9e1.png\" alt=\"\ud83e\udde1\"> <a href=\"https:\/\/www.facebook.com\/lejardindesfleurs.poitiersgrandlarge\">Le Jardin des Fleurs<\/a> <img loading=\"lazy\" decoding=\"async\" height=\"16\" width=\"16\" src=\"https:\/\/static.xx.fbcdn.net\/images\/emoji.php\/v9\/t9c\/2\/16\/1f9e1.png\" alt=\"\ud83e\udde1\"> <a href=\"https:\/\/www.facebook.com\/PoitiersBiclou\">Biclou ateliers v\u00e9lo<\/a> <img loading=\"lazy\" decoding=\"async\" height=\"16\" width=\"16\" src=\"https:\/\/static.xx.fbcdn.net\/images\/emoji.php\/v9\/tb\/2\/16\/1f499.png\" alt=\"\ud83d\udc99\"> <a href=\"https:\/\/www.facebook.com\/DESSANGE.Paris\">Dessange<\/a> <img loading=\"lazy\" decoding=\"async\" height=\"16\" width=\"16\" src=\"https:\/\/static.xx.fbcdn.net\/images\/emoji.php\/v9\/t9c\/2\/16\/1f9e1.png\" alt=\"\ud83e\udde1\"> <a href=\"https:\/\/www.facebook.com\/LeGrandMagasinPoitiers\">Le Grand Magasin Poitiers<\/a> <img loading=\"lazy\" decoding=\"async\" height=\"16\" width=\"16\" src=\"https:\/\/static.xx.fbcdn.net\/images\/emoji.php\/v9\/tb\/2\/16\/1f499.png\" alt=\"\ud83d\udc99\"> <a href=\"https:\/\/www.facebook.com\/lepetitmagasin86\">Le Petit Magasin<\/a> <img loading=\"lazy\" decoding=\"async\" height=\"16\" width=\"16\" src=\"https:\/\/static.xx.fbcdn.net\/images\/emoji.php\/v9\/t9c\/2\/16\/1f9e1.png\" alt=\"\ud83e\udde1\"> @L&rsquo;\u00cele aux combis <img loading=\"lazy\" decoding=\"async\" height=\"16\" width=\"16\" src=\"https:\/\/static.xx.fbcdn.net\/images\/emoji.php\/v9\/tb\/2\/16\/1f499.png\" alt=\"\ud83d\udc99\"><a href=\"https:\/\/www.facebook.com\/tissusdugrandlarge\">Tissus du Grand Large<\/a> <img loading=\"lazy\" decoding=\"async\" height=\"16\" width=\"16\" src=\"https:\/\/static.xx.fbcdn.net\/images\/emoji.php\/v9\/t9c\/2\/16\/1f9e1.png\" alt=\"\ud83e\udde1\"><a href=\"https:\/\/www.facebook.com\/profile.php?id=100067204571288&amp;__cft__[0]=AZVNt25BUnjJYQcelM9h_EOt13gbREtW14VeupfQVQNA75Yoo6eDjcUX7DYStPIMz7uAHGvbBYJ4tw6NIE8geaatpvyhRw5gWZOlLhX9fI0vLVQRFDsZg5slTkrayWtHDag8gYXCS48tQVVaP6gu-hBmfOwhemPSzHcDJVFVBzeNZzZ_oqwCu3ueePGNx2nfnXA\">Aliphone<\/a> <img loading=\"lazy\" decoding=\"async\" height=\"16\" width=\"16\" src=\"https:\/\/static.xx.fbcdn.net\/images\/emoji.php\/v9\/tb\/2\/16\/1f499.png\" alt=\"\ud83d\udc99\"> <a href=\"https:\/\/www.facebook.com\/lacuisinedecomptoir\">La Cuisine De Comptoir<\/a> <img loading=\"lazy\" decoding=\"async\" height=\"16\" width=\"16\" src=\"https:\/\/static.xx.fbcdn.net\/images\/emoji.php\/v9\/t9c\/2\/16\/1f9e1.png\" alt=\"\ud83e\udde1\"> <a href=\"https:\/\/www.facebook.com\/pluslegerquelair\">Plus L\u00e9ger que l&rsquo;Air<\/a> \ud83d\udc99 Cooleurs \ud83e\udde1 Pirates du Clain \ud83d\udc99 Sc\u00e8ne Maria Casar\u00e8s \ud83e\udde1 Espace Republic Corner \ud83d\udc99 Push Cycle Workshop \ud83e\udde1 La macul\u00e9e conception \ud83d\udc99 Jardindeco.com \ud83e\udde1 Le March\u00e9 de L\u00e9opold \ud83d\udc99 Mus\u00e9e Sainte-Croix, Poitiers \ud83e\udde1 Pubart \ud83d\udc99 @La Ferme de Bellac \ud83e\udde1 Chic Ethnique Poitiers \ud83d\udc99 BEOIR Br\u00faPub \ud83e\udde1 Modern City \ud83d\udc99 La Fanzinoth\u00e8que \ud83e\udde1 @Laurie Laurie \ud83d\udc99 Orchestre de Chambre Nouvelle-Aquitaine \ud83e\udde1 Boucherie Du Pont Neuf \ud83d\udc99 Hokamen \ud83e\udde1 Boucherie Point \ud83d\udc99 FEROX \ud83e\udde1 La Cr\u00e8merie des Halles \ud83d\udc99 Des Fleurs &amp; Vous \ud83e\udde1 Auberge chez Cul de Paille \ud83d\udc99 Epicerie fine amandine \ud83e\udde1 Bernard Astier &#8211; Apiculteur \ud83d\udc99 Loc Eco \ud83e\udde1<\/p>\n\n\n\n<p>&amp; bient\u00f4t d&rsquo;autres \u00e0 venir&#8230;<\/p>\n\n\n\n<p class=\"has-vivid-cyan-blue-color has-text-color has-link-color wp-elements-05632029db11419b895fe2527d27a9af\"><\/p>\n","protected":false},"excerpt":{"rendered":"<p>GROSOUTIEN&nbsp; En 2024, vous \u00e9tiez plus 70 partenaires et m\u00e9c\u00e8nes ! Cette ann\u00e9e encore, nous avons plus que besoin de vous pour continuer \u00e0 faire vivre cet \u00e9v\u00e8nement engag\u00e9 en faveur de la Ligue Contre le Cancer &#8211; Comit\u00e9 de la Vienne Que vous soyez particulier ou professionnel, vous pouvez soutenir l\u2019action et l\u2019organisation du &hellip; <\/p>\n<p class=\"link-more\"><a href=\"https:\/\/www.groloto.fr\/index.php\/nos-partenaires\/\" class=\"more-link\">Continuer la lecture<span class=\"screen-reader-text\"> de &laquo;&nbsp;Nos partenaires&nbsp;&raquo;<\/span><\/a><\/p>\n","protected":false},"author":1,"featured_media":0,"parent":0,"menu_order":0,"comment_status":"closed","ping_status":"closed","template":"","meta":{"footnotes":""},"class_list":["post-49","page","type-page","status-publish","hentry"],"_links":{"self":[{"href":"https:\/\/www.groloto.fr\/index.php\/wp-json\/wp\/v2\/pages\/49","targetHints":{"allow":["GET"]}}],"collection":[{"href":"https:\/\/www.groloto.fr\/index.php\/wp-json\/wp\/v2\/pages"}],"about":[{"href":"https:\/\/www.groloto.fr\/index.php\/wp-json\/wp\/v2\/types\/page"}],"author":[{"embeddable":true,"href":"https:\/\/www.groloto.fr\/index.php\/wp-json\/wp\/v2\/users\/1"}],"replies":[{"embeddable":true,"href":"https:\/\/www.groloto.fr\/index.php\/wp-json\/wp\/v2\/comments?post=49"}],"version-history":[{"count":10,"href":"https:\/\/www.groloto.fr\/index.php\/wp-json\/wp\/v2\/pages\/49\/revisions"}],"predecessor-version":[{"id":172,"href":"https:\/\/www.groloto.fr\/index.php\/wp-json\/wp\/v2\/pages\/49\/revisions\/172"}],"wp:attachment":[{"href":"https:\/\/www.groloto.fr\/index.php\/wp-json\/wp\/v2\/media?parent=49"}],"curies":[{"name":"wp","href":"https:\/\/api.w.org\/{rel}","templated":true}]}}