{"id":11,"date":"2025-10-03T17:12:21","date_gmt":"2025-10-03T15:12:21","guid":{"rendered":"https:\/\/www.groloto.fr\/?page_id=11"},"modified":"2025-12-28T15:40:16","modified_gmt":"2025-12-28T13:40:16","slug":"accueil","status":"publish","type":"page","link":"https:\/\/www.groloto.fr\/","title":{"rendered":"L&rsquo;\u00e9dition 2025, un festival InterGROlactique !"},"content":{"rendered":"\n<figure class=\"wp-block-embed is-type-video is-provider-youtube wp-block-embed-youtube wp-embed-aspect-16-9 wp-has-aspect-ratio\"><div class=\"wp-block-embed__wrapper\">\n<iframe loading=\"lazy\" title=\"\ud83d\udca5 GRO REPORT \ud83d\udca5 GROWEEKEND 2025\" width=\"525\" height=\"295\" src=\"https:\/\/www.youtube.com\/embed\/6BaZ3aIP9yE?feature=oembed\" frameborder=\"0\" allow=\"accelerometer; autoplay; clipboard-write; encrypted-media; gyroscope; picture-in-picture; web-share\" referrerpolicy=\"strict-origin-when-cross-origin\" allowfullscreen><\/iframe>\n<\/div><\/figure>\n\n\n\n<p><\/p>\n\n\n\n<p>\ud83c\udfa5\ud83d\udca5Il est l\u00e0&#8230; l\u2019AFTERMOVIE du <a href=\"https:\/\/www.youtube.com\/hashtag\/groweekend\">#Groweekend<\/a> 2025 ! <\/p>\n\n\n\n<p>\ud83e\udd29 Revivez ces trois jours de folie, de rencontres, de bonne humeur et d\u2019\u00e9nergie collective. <\/p>\n\n\n\n<p>On a ador\u00e9 partager ce moment avec vous, et on esp\u00e8re que ces images vous donneront autant de frissons qu\u2019\u00e0 nous. <\/p>\n\n\n\n<p>\ud83d\ude4c Un \u00e9norme merci pour votre pr\u00e9sence, votre enthousiasme, votre g\u00e9n\u00e9rosit\u00e9\u2026 et pour \u00eatre chaque ann\u00e9e plus nombreux\u00b7ses \u00e0 embarquer avec nous dans cette folie joyeuse qu\u2019est le Groweekend. Gr\u00e2ce \u00e0 votre participation, la Ligue Contre le Cancer &#8211; Comit\u00e9 de la Vienne va pouvoir poursuivre et renforcer ses actions essentielles : pr\u00e9vention, accompagnement et recherche. \ud83e\udde1 Encore merci \u00e0 toustes. Vraiment.\ud83e\udde1 \ud83d\udc99 On ne le dira jamais assez : on vous aime fort \ud83d\udc99 <\/p>\n\n\n\n<p>Le festival GROWEEKEND se d\u00e9roule chaque ann\u00e9e d\u00e9but novembre \u00e0 Poitiers gr\u00e2ce \u00e0 l&rsquo;\u00e9nergie et l\u2019enthousiasme de sa joyeuse \u00e9quipe organisatrice b\u00e9n\u00e9voles et gr\u00e2ce aux soutiens de nombreux partenaires et m\u00e9c\u00e8nes du territoire. Tous les b\u00e9n\u00e9fices r\u00e9alis\u00e9s durant l&rsquo;\u00e9v\u00e8nement sont revers\u00e9s en faveur de La Ligue contre le cancer &#8211; Comit\u00e9 de la Vienne. Vous aussi soutenez la ligue \u00e0 tout moment. <a href=\"https:\/\/mecenus.com\/structure\/comite-dep-ligue-nat-contre-le-cancer\/\">C&rsquo;est \ud83d\udc49 ici <\/a>! <\/p>\n\n\n\n<p><\/p>\n","protected":false},"excerpt":{"rendered":"<p>\ud83c\udfa5\ud83d\udca5Il est l\u00e0&#8230; l\u2019AFTERMOVIE du #Groweekend 2025 ! \ud83e\udd29 Revivez ces trois jours de folie, de rencontres, de bonne humeur et d\u2019\u00e9nergie collective. On a ador\u00e9 partager ce moment avec vous, et on esp\u00e8re que ces images vous donneront autant de frissons qu\u2019\u00e0 nous. \ud83d\ude4c Un \u00e9norme merci pour votre pr\u00e9sence, votre enthousiasme, votre g\u00e9n\u00e9rosit\u00e9\u2026 &hellip; <\/p>\n<p class=\"link-more\"><a href=\"https:\/\/www.groloto.fr\/\" class=\"more-link\">Continuer la lecture<span class=\"screen-reader-text\"> de &laquo;&nbsp;L&rsquo;\u00e9dition 2025, un festival InterGROlactique !&nbsp;&raquo;<\/span><\/a><\/p>\n","protected":false},"author":1,"featured_media":0,"parent":0,"menu_order":0,"comment_status":"closed","ping_status":"closed","template":"","meta":{"footnotes":""},"class_list":["post-11","page","type-page","status-publish","hentry"],"_links":{"self":[{"href":"https:\/\/www.groloto.fr\/index.php\/wp-json\/wp\/v2\/pages\/11","targetHints":{"allow":["GET"]}}],"collection":[{"href":"https:\/\/www.groloto.fr\/index.php\/wp-json\/wp\/v2\/pages"}],"about":[{"href":"https:\/\/www.groloto.fr\/index.php\/wp-json\/wp\/v2\/types\/page"}],"author":[{"embeddable":true,"href":"https:\/\/www.groloto.fr\/index.php\/wp-json\/wp\/v2\/users\/1"}],"replies":[{"embeddable":true,"href":"https:\/\/www.groloto.fr\/index.php\/wp-json\/wp\/v2\/comments?post=11"}],"version-history":[{"count":22,"href":"https:\/\/www.groloto.fr\/index.php\/wp-json\/wp\/v2\/pages\/11\/revisions"}],"predecessor-version":[{"id":226,"href":"https:\/\/www.groloto.fr\/index.php\/wp-json\/wp\/v2\/pages\/11\/revisions\/226"}],"wp:attachment":[{"href":"https:\/\/www.groloto.fr\/index.php\/wp-json\/wp\/v2\/media?parent=11"}],"curies":[{"name":"wp","href":"https:\/\/api.w.org\/{rel}","templated":true}]}}